se 201*v - s*v = -234. What are the prime factors of v?
2, 3, 13
Let x = 14813 - -5261. What are the prime factors of x?
2, 10037
Suppose -2*v + 28489 = v - 5*o, 47457 = 5*v + 4*o. What are the prime factors of v?
11, 863
Let v = 8 - 8. Suppose v = 17*r - 12*r - 800. What are the prime factors of r?
2, 5
Let p(j) = -10 + 2763*j**3 - 2796*j**3 - 5*j + j. What are the prime factors of p(-3)?
19, 47
Let t = 146 - -378. Let r = 276 + t. Suppose 0 = 4*b - 3*d - r, 54 = 5*b - 4*d - 945. List the prime factors of b.
7, 29
Let b(f) = 107*f + 561. Let o(q) = -21*q - 112. Let n(p) = 6*b(p) + 33*o(p). What are the prime factors of n(-36)?
2, 3, 251
Let l(m) be the third derivative of 0 + 11/12*m**5 + 22*m**2 + 0*m + 0*m**3 + 1/6*m**4. What are the prime factors of l(1)?
59
Suppose -49*p + 1218 = 42. Let h(w) = -w**2 + 17*w + 296. What are the prime factors of h(p)?
2
Let s = 0 + 2. Let c(j) = 8*j - s*j + 0*j + 6. List the prime factors of c(12).
2, 3, 13
Suppose -343*f = -347*f + 8. Let g(o) = o**2 + o + 2. Let s be g(-2). Suppose 3*h - 42 - 210 = 3*v, s*v = f*h - 162. What are the prime factors of h?
3, 29
Suppose 0 = d + 2*d + z + 1, 0 = -4*d + 2*z - 8. Let a(i) = 2*i - 5. Let u be a(4). What are the prime factors of (u/(48/52))/(d/(-8))?
2, 13
Let w = 340 - 195. Let b = 317 + w. Let u = b + -315. List the prime factors of u.
3, 7
Let w(d) = -d**2 - 9*d - 2. Let x(u) = u**2 + 18*u + 3. Let o(t) = -10*w(t) - 4*x(t). Let g(y) = y - 14. Let b be g(7). What are the prime factors of o(b)?
2, 11
Let j = -938 + 1457. Let l = j - -456. What are the prime factors of l?
3, 5, 13
Let c(f) = -14*f + 262. Let r(s) = 8*s - 130. Let t(l) = 3*c(l) + 5*r(l). What are the prime factors of t(-40)?
2, 3
What are the prime factors of (-3 - (-565)/(-15))/((-26)/3237)?
61, 83
Suppose x - 1135 = -k, 4540 = 4*x + k - 5*k. Let s = x - 644. What are the prime factors of s?
491
Suppose -260 = q - 262. Suppose 724 = o + 3*h, 0*h - 1445 = -q*o - 5*h. What are the prime factors of o?
5, 11, 13
Let l = -37 - 15. Let n = l - -55. Let w = n - -122. What are the prime factors of w?
5
Suppose -7*h + 120 + 62 = 0. Suppose 1455 = h*c - 11*c. What are the prime factors of c?
97
Suppose 0 = -5*k - 5*i + 25, -3*k + 4*i = -14 - 1. Suppose -p + 396 = 2*p - 4*u, -k*u = 0. List the prime factors of p.
2, 3, 11
Let r(n) = 20*n**2 + n. Let b be r(-1). Let j = -19 + b. Suppose 0*c + 7*c - 784 = j. What are the prime factors of c?
2, 7
Suppose 0 = 5*a + 3*g - 53475, 15*g + 21401 = 2*a + 14*g. List the prime factors of a.
2, 3, 1783
Let j(o) = -12*o**2 + 6*o + 7. Let d be j(-2). Let c = -88 - d. Let r = c - -102. What are the prime factors of r?
67
Suppose q - 12673 = -2*t + 37576, 0 = 4*q - 5*t - 201061. List the prime factors of q.
3, 11, 1523
Suppose 4*x = -0*x + 3*l - 886, 3*l = 5*x + 1109. Let c = 282 + x. List the prime factors of c.
59
Suppose 27*y = -53*y + 17*y + 3677121. What are the prime factors of y?
58367
Suppose 3237001 = 64*l + 996681. List the prime factors of l.
5, 7001
Suppose -3*d - 58839 = -3*s, -98016 = 41*s - 46*s - 2*d. What are the prime factors of s?
2, 9803
Let w(l) = -1 + 2*l**2 + 2*l + 5*l**3 + 0*l - 3. Let z(j) = -9*j + 12. Let y be z(1). What are the prime factors of w(y)?
5, 31
Suppose -520*o - 5497188 + 28588308 = 0. What are the prime factors of o?
2, 3, 2467
Let z(q) be the third derivative of 0 + 0*q + 4*q**3 + 17/24*q**4 + 39*q**2. List the prime factors of z(12).
2, 3, 19
Let r(n) = n**3 - 8*n**2 + 6*n + 3. Let j be r(-7). Let i = -445 - j. What are the prime factors of i?
7, 47
Suppose -8*u = -5*u - 6. Suppose -2*g = -g - 1, u*g - 429 = -s. What are the prime factors of s?
7, 61
Let o(z) = z - 20. Let l be o(20). Suppose -2121 = -5*c + 2*n, -5*c - 4*n + 1168 + 935 = l. What are the prime factors of c?
3, 47
Let d(t) = 7*t**3 + 4*t**2 - 6. Suppose 5*z - 3*z - 9 = -m, z + 4*m = -13. Suppose -z*x = -2 - 12. What are the prime factors of d(x)?
2, 3, 11
Suppose 4*r - 5*r - 30 = 2*i, -3*i = -4*r - 164. Let m = r + 43. Suppose -k - 8 = -m*k. List the prime factors of k.
2
Let h(q) = -308*q + 38. What are the prime factors of h(-23)?
2, 3, 1187
Let j(u) = 10*u + 43. Let z be j(-4). Suppose -5*p - 1661 = -4*t - 0*p, z*t - 1254 = p. What are the prime factors of t?
419
Let l(h) = -11*h + 0 + 0 + 13*h + 81*h - 1. Suppose -1 = -3*f + 2. List the prime factors of l(f).
2, 41
Let g be (6 + 5)/((-7)/(-14)). Suppose g*u - 19*u - 1350 = 0. List the prime factors of u.
2, 3, 5
Let f(a) = 5*a**2 + 8*a - 7. Let i(h) = -h**2 - h + 1. Let d be -4 + (0/(-5) - -7). Let y(z) = d*i(z) + f(z). What are the prime factors of y(-6)?
2, 19
List the prime factors of -4*(-3)/6*(12419 - (25 - -3)).
2, 12391
Suppose -3*v + 6*u + 240 = u, 2*u = 5*v - 381. Suppose 23 = 3*i + 5*k - v, -k + 178 = 5*i. Suppose 32*d - i*d + 68 = 0. What are the prime factors of d?
17
Suppose 61*u - 19094 = 59*u. List the prime factors of u.
9547
Suppose 4*h - 20 = -4*i + 16, h - 1 = i. Suppose 35 = 3*u + v, -u + 2*u + i*v = 30. What are the prime factors of u?
2, 5
Let v(t) = -7*t**3 + 3*t**2 + 20*t + 13. Let y(z) = 8*z**3 - 3*z**2 - 22*z - 13. Let r(s) = 7*v(s) + 6*y(s). What are the prime factors of r(-8)?
653
Suppose -3*k + 32 + 205 = 0. Suppose k*z - 84*z = -6425. What are the prime factors of z?
5, 257
Let k be 1 + -1 - (2 + (-6 - -2)). Suppose 0 = k*r - t - 610, 0 = -r + 6*t - 3*t + 300. List the prime factors of r.
2, 3, 17
Let t be (-1)/2*(-7 - -7). Suppose t = -5*s - 577 - 773. Let d = 432 + s. What are the prime factors of d?
2, 3
Let w be (636/30)/(1/(-10)). Let l be (w/(-16))/(1/4). Let u = 139 - l. List the prime factors of u.
2, 43
Suppose 2*l + 151 = -237. Let u = l + 295. Suppose 0 = -r + u - 22. List the prime factors of r.
79
Suppose 1365 + 1220 = -5*s. Let x = s - -1721. What are the prime factors of x?
2, 7, 43
Let o(m) = -m**3 + 71*m**2 - 5*m - 64. What are the prime factors of o(-9)?
7, 13, 71
Let k(w) = 13*w + 64 + 13 - 19*w. What are the prime factors of k(-3)?
5, 19
Let w(o) = -2*o**2 + 44*o - 26. Let t be w(20). Suppose t*v - 5344 = 46*v. What are the prime factors of v?
2, 167
Let s be 177/(-2)*4*2/(-12). Let v = s - 59. Suppose 4*w - 48 = 2*d, 4*d = -2*w - v + 4. List the prime factors of w.
2, 5
Suppose 0 = -9*n - 2860 + 56104. Suppose -16*v = -900 - n. Suppose -v = -4*r + 350. What are the prime factors of r?
2, 97
Let g = 388 + -238. Let k = 278 - g. List the prime factors of k.
2
Let t(v) = -2*v**2 + 12*v + 3. Let g be t(6). Let s = -14 + g. Let a = s + 36. What are the prime factors of a?
5
Let f be (2*(-2)/(-4))/((-17)/(-629)). Suppose -f = -s + 4*k - 0, 2*k + 120 = 4*s. Suppose -s = -3*g + 301. List the prime factors of g.
2, 5, 11
Let a(s) = 57*s**2 + 85*s - 2379. List the prime factors of a(19).
19813
Suppose 2*h + 25202 = 4*g, -9*g + 12656 = -7*g + 10*h. What are the prime factors of g?
3, 11, 191
Let s(l) = -1290*l**3 - 17*l - 41. Let w be s(-4). Suppose w = 53*d + 18192. List the prime factors of d.
3, 5
Let i(h) = 20*h + 15824. What are the prime factors of i(-75)?
2, 3581
Suppose 0 = -k - 1916 + 6356. Suppose h - 462 = -2*i + 427, 5*h + 5*i = k. What are the prime factors of h?
887
Suppose -2*u + 22 = -4*k, 2*u + 3*k + 0 = -6. Let o = -23 - u. Let x = o + 141. What are the prime factors of x?
5, 23
Let i(z) = -17*z**3 - 14*z**2 - 95*z + 9. What are the prime factors of i(-11)?
3, 7, 349
Let x = 14499 + -4863. What are the prime factors of x?
2, 3, 11, 73
Suppose -9*n + 73 = -8. What are the prime factors of (190/20 - n)*(-332)/(-1)?
2, 83
Let l(s) = -5*s**2 - 30*s + 24. Let n be l(-6). List the prime factors of 96*(452/n + (-4)/(-8)).
2, 29
Suppose -5*i + 10 = 0, -16*t + 14*t - 2*i + 12154 = 0. What are the prime factors of t?
3, 5
Let o(x) = 5*x**2 + 12*x + 9. Let n(j) = j**3 + 3*j**2 - 4*j - 6. Let l be n(-4). List the prime factors of o(l).
3, 13
Suppose -169 = 4*w + 95. Let v be ((-16)/2)/(4*3/w). Suppose -2*a + v = -52. List the prime factors of a.
2, 3
Suppose -262 + 162 = 5*c. Let f be (-2)/4*(-26 - c). Suppose -f*d + d = -5*a + 153, 0 = -5*a + 4*d + 161. What are the prime factors of a?
29
Let f = 19770 + 9823. What are the prime factors of f?
101, 293
Let q be 10 + (5 - 0) + -10. Suppose -d + 6 = 5*s, -q*d - 6*s + 2*s = -30. List the prime factors of (36 - (d - 2))